0*h**2 + 52 - 14*h - h**2. List the prime factors of v(-9).
2, 3, 5
Let t(r) = -r**2 - 9*r + 7. Suppose -9 = 3*f - 3*c + 3, -3*c = 3*f + 36. List the prime factors of t(f).
3, 5
Let x(b) be the second derivative of 7*b**3/3 + 5*b**2/2 + 3*b. What are the prime factors of x(7)?
103
What are the prime factors of (-76 - -247) + (-4 - -2)/2?
2, 5, 17
Suppose 79*r - 82*r = 432. Let o = 244 + r. What are the prime factors of o?
2, 5
Let d(x) = -x**3 + 3*x**2 + x + 2. Let f = 12 + -10. Let w be d(f). Let c = w - -9. List the prime factors of c.
17
List the prime factors of (0 - (-749)/3) + 81/243.
2, 5
Let y(p) = -p**3 - 8*p**2 + 11*p + 5. Let l = -43 + 33. List the prime factors of y(l).
5, 19
Let l(i) = -i**3 - 13*i**2 - i - 11. Let h be l(-13). Suppose -h*p + 74 = -54. What are the prime factors of p?
2
Let b be (-37)/4 - (-2)/8. Let p be (-9)/(-3 - 3 - -7). List the prime factors of p*(51/b + 3).
2, 3
Suppose 3*f + 2*w - 78 - 458 = 0, 0 = -f - 3*w + 167. List the prime factors of (f/(-8))/(((-25)/20)/5).
7, 13
Suppose 306 = 4*n - n. Suppose 0 = 2*t + 3*p - 40 - n, -3*p - 154 = -2*t. Suppose t = 4*i - 46. List the prime factors of i.
2, 3, 5
Suppose 13*s - 9*s = 700. Suppose 4*p = s - 47. Let c = p - -20. List the prime factors of c.
2, 13
Suppose -32 = -2*u - 3*h, 2*u - 5*h - 42 + 10 = 0. Suppose 13*g - u*g + 282 = 0. List the prime factors of g.
2, 47
Suppose 58*v = 33*v + 8850. What are the prime factors of v?
2, 3, 59
Let p = -27 + 27. Suppose -6*v + 3*v = 3*n - 258, p = -v + 5*n + 104. What are the prime factors of v?
89
Suppose 0 = -17*r + 41688 + 49415. What are the prime factors of r?
23, 233
Suppose 0*o - 1580 = -5*o. Let a = -192 + o. Suppose 3*l + 2*l = t + 185, a = 3*l + 2*t. List the prime factors of l.
2, 19
Suppose 5*d - 6518 = -2*i, -4*i - 625 = d - 1925. What are the prime factors of d?
2, 163
Suppose -45280 = -21*r + 23075. List the prime factors of r.
3, 5, 7, 31
Let d(c) = -2*c**3 - 36*c**2 - 7*c - 122. List the prime factors of d(-18).
2
Let b be (-5)/(-10) - (-22)/4. Suppose -b = 4*s - s, -4*s = -5*a + 343. What are the prime factors of a?
67
What are the prime factors of -1 - (5 - (-525)/20)*-12?
2, 11, 17
Suppose 10*z - 12*z = 536. Let q = z - -456. Suppose 6*m - q = 2*m. What are the prime factors of m?
47
Suppose 4*j - 16 = -4*y, -2 = -y - 5*j + 6. Suppose -y*o = x - 83, -o = -x - 6*o + 93. What are the prime factors of x?
2, 17
Let c = -16 + 74. Suppose q = 6*q + 15, -5*u + q = -133. Let k = c - u. List the prime factors of k.
2
Let i be 4/7 + (-40)/70. Let h(c) = -c**2 - 5*c. Let q be h(-4). Suppose i = n - 3*z - q - 2, 3*z = 3*n - 48. List the prime factors of n.
3, 7
Let a = 741 - 312. Suppose -170 = f - a. What are the prime factors of f?
7, 37
Let k = 42 + -40. Suppose 6*b = k*b + 272. List the prime factors of b.
2, 17
Let g(f) = f**3 - f**2 + f + 64. Let u be g(0). Let o be (-216)/u + 3/8. List the prime factors of (-112)/o + 10/(-30).
37
Let b = -40 - -116. Suppose -5 = -h + b. What are the prime factors of h?
3
Suppose -5*k = -2*a - 9, -5*a = -3*k - 9*a + 21. Let v be (40/24)/((-5)/(-12)). Suppose -5*u + 25 = 0, -k*s = s - v*u - 68. What are the prime factors of s?
2, 11
Suppose -3*p + 2405 - 362 = 0. List the prime factors of p.
3, 227
Suppose -38 = 3*a + 4*k, -7*a - 3*k - 9 = -8*a. Let h(x) = 1 + 0*x - 7 - 9*x. What are the prime factors of h(a)?
2, 3
Let i(j) = -2*j + 83. Let s be i(6). Let x = 196 - s. List the prime factors of x.
5
Let i(z) = -2002*z - 12. What are the prime factors of i(-1)?
2, 5, 199
Suppose 2*l - 4*n = 64, 5*l - n - 208 + 48 = 0. Let o be 2/3 + l/6. Suppose -60 = -o*m + m. List the prime factors of m.
2, 3
Suppose -2*y = -3*y + 4*x + 11, -2*y + 10 = -4*x. Let o be -16 - y*(-6 + 3). Let j = o - -43. What are the prime factors of j?
2, 3
Let f = 54 - 56. What are the prime factors of 3 - 127*f/1?
257
Let g(m) = m**3 + 5*m**2 + m - 3. Let q be g(-4). Let a = q - -7. Let o = a + -6. What are the prime factors of o?
2, 5
Let f(x) = -x**2 + 6*x - 7. Let t be f(5). List the prime factors of (8/(-14))/(t/14).
2
Let d = -13 - -17. Suppose 2*y - 98 = -2*y - 2*m, -d*m + 100 = 4*y. List the prime factors of 258/y - (-2)/8.
11
Suppose -15 - 15 = -6*v. Suppose 5*c + j - 260 = 0, -230 = -5*c - 0*j + v*j. Let w = c - 23. List the prime factors of w.
2, 7
Let t be 60/14 - 4/14. Suppose 8 + 0 = t*r. Suppose -m = -4*x + 118 - 10, 5*x - 138 = r*m. What are the prime factors of x?
2, 13
Let d(l) = -l - 16. Let x be d(-5). Let s = x + 14. Suppose -v + s*o = 7 + 1, -v = -2*o + 3. What are the prime factors of v?
7
Suppose 0*f + 20 = 4*f. Suppose 0 = -f*d - 0*d + 30. Suppose 2*z + 3*v - 41 = 0, 0 = v - 3*v - d. List the prime factors of z.
5
Let x be -47 - -4 - 9/3. Let q = x - -58. List the prime factors of q.
2, 3
Let y(c) = c - 4. Let l be y(6). Suppose -3*a + 156 = 5*i, 3*a + 52 = 4*a + l*i. Suppose -v + a = v. List the prime factors of v.
2, 13
Let v(c) = 2*c**2 + 28*c + 7. Let i be v(-16). Let j = 106 - i. What are the prime factors of j?
5, 7
Let r(h) = h**3 + 8*h**2 + 7*h - 6. Let y be r(-7). Let q = y - -7. What are the prime factors of (0 + 2*12)/q?
2, 3
Let h be 5 + -3 + 2 + 2. Suppose 5*w + h = 91. What are the prime factors of w?
17
Suppose -18*b - 54*b + 202608 = 0. List the prime factors of b.
2, 3, 7, 67
Let h(g) = 2*g**2 + 7*g + 4. Suppose 0 = -o + 3*o - j - 13, -3*o + j = -17. Let n be (-6)/(o/(-8) + 2). List the prime factors of h(n).
2
Let g be -2 - (-4 + 7 + -3). List the prime factors of g*(-2)/4 - -49.
2, 5
What are the prime factors of (9 + -15)*((-310)/4)/1?
3, 5, 31
Let i(j) = -5*j**2 + 4*j - 2. Let c be i(2). Let g(w) = -w - 15. Let d be g(c). List the prime factors of d/(((-12)/(-3))/(-16)).
2
Suppose 3*u - 4*q = 16612, 3*u - 39*q = -41*q + 16642. List the prime factors of u.
2, 3, 7, 11
Let l(f) = -23*f - 6. Let k be l(6). List the prime factors of 0/(-3 - -4) - k.
2, 3
Let d(c) = -c - 14. Let m be d(-8). Let p(j) = -j**3 + 13*j + 6. List the prime factors of p(m).
2, 3
Let u(o) = o**2 + 19*o + 23. Let x be u(-17). Let n = 30 - x. What are the prime factors of n?
41
Let u be (-6)/4 + 7/2. Suppose u*d - 3*v + 253 = 0, -5*d - v = 888 - 247. Let t = -90 - d. List the prime factors of t.
2, 19
Let n(f) = 2*f**2 - 12*f - 67. What are the prime factors of n(19)?
7, 61
Let y = 5 - 6. What are the prime factors of -4 + (-2 - -20) - y?
3, 5
Let m(g) = g**3 + 8*g**2 - 9*g - 1. Let o be m(-9). Let x = o - -9. Suppose 0 = -3*j + j + x. List the prime factors of j.
2
Suppose -4*m = -m - 6. Suppose -m*l + 11 = 27. What are the prime factors of (-558)/l + 12/(-16)?
3, 23
Let v(g) be the second derivative of -2*g**3/3 - 7*g**2/2 - 3*g. Let n be v(-9). Let d = n - -3. What are the prime factors of d?
2
Let l(p) = -27 - 4*p - 28 + 54 + p**2 + 15*p**2. List the prime factors of l(3).
131
Let m(l) = l**2 - 4*l - 7. Suppose -8 = -5*r - c + 4, 3*r + 3 = -4*c. Suppose 0 = -z + 5*v + r, 0 = -5*z + 3*v + 25 + 12. What are the prime factors of m(z)?
5
Suppose 0 = -4*h + 26 - 6. Suppose n - 2*y - 46 = -n, -4*n - h*y + 74 = 0. Suppose -63 = -4*s + n. List the prime factors of s.
3, 7
Let g(j) = -5*j**2 - 6*j - 5. Let l be g(-2). Let o(x) = -x**3 - 11*x**2 + 22*x - 13. What are the prime factors of o(l)?
3, 13
Suppose -521 - 100 = -3*u. Let b = u + -110. What are the prime factors of b?
97
Suppose 768 = 3*j - 5*v, 5*v = -4*j + 395 + 664. What are the prime factors of j?
3, 29
Let b be -16 - -20 - 2*2. Suppose b = 5*t - 41 + 6. What are the prime factors of (4/10)/(t/245)?
2, 7
Let j = -798 + 2361. What are the prime factors of j?
3, 521
Suppose 0 = 8*o + 5*o - 2548. What are the prime factors of o?
2, 7
Let q(f) = -2*f**2 - f - 3. Let b(u) = 2*u**2 + u + 4. Let h(c) = -3*b(c) - 4*q(c). Let a = 5 + 0. List the prime factors of h(a).
5, 11
Let r = -645 - -1314. What are the prime factors of r?
3, 223
Suppose 0 = k + 4*k + 775. Let g be k/20 + (-2)/8. Let z(j) = -j**2 - 8*j + 11. What are the prime factors of z(g)?
11
Suppose -53*z + 101384 = -34*z. List the prime factors of z.
2, 23, 29
Let m(g) = -g**2 + 12*g + 3. Let c be m(9). Let w = c - 4. Suppose t - w - 23 = 0. What are the prime factors of t?
7
Suppose -4*p + 6*p + m = 7, 3 = -3*m. Suppose -f - 480 = -p*f. List the prime factors of f.
2, 5
Suppose j 